b2 (base 12) in base 15?
-2192e
What is -15632560 (base 7) in base 4?
-11303102212
What is -31022032 (base 4) in base 8?
-151216
What is 6287605 (base 10) in base 16?
5ff0f5
What is 32335060 (base 7) in base 8?
12430774
726311 (base 9) to base 16
693f4
-1011222101000 (base 3) to base 16
-99a95
-3983847 (base 11) to base 14
-cb3814
Convert 120303133011 (base 4) to base 14.
c1392d
Convert -24953a2 (base 12) to base 3.
-111110220221112
Convert 717d74 (base 15) to base 14.
a054bb
Convert -5113423 (base 7) to base 4.
-2110212313
What is -22101012212 (base 3) in base 8?
-502060
What is 2022121211011 (base 3) in base 14?
2412b6
Convert 174a41 (base 16) to base 14.
2ba361
What is -1540114 (base 8) in base 2?
-1101100000001001100
-315555 (base 7) to base 12
-27886
20154351 (base 6) to base 12
2389b7
-26840307 (base 9) to base 13
-29906b9
What is 84b29 (base 12) in base 11?
10a051
5343214 (base 8) to base 3
2200111120222
Convert 17216 (base 10) to base 6.
211412
Convert 2130006 (base 8) to base 5.
121204400
What is 14101277 (base 8) in base 14?
5ca859
What is -3202007 (base 11) in base 12?
-1a7b6a6
Convert 3234af (base 16) to base 8.
14432257
Convert -1310304 (base 5) to base 4.
-12101220
Convert -12060423 (base 7) to base 10.
-1073460
Convert 33246251 (base 7) to base 11.
168a56a
What is -3d340 (base 14) in base 7?
-1200610
Convert -64890a (base 13) to base 7.
-26032462
Convert 4042121 (base 6) to base 9.
322684
Convert -3046730 (base 8) to base 13.
-223049
Convert 10110100011000110100 (base 2) to base 13.
1cb400
Convert -45342434 (base 6) to base 9.
-2535834
21d19 (base 16) to base 9
231012
Convert -1100010000101001101011 (base 2) to base 12.
-10abab7
What is -28cb58 (base 14) in base 11?
-889517
Convert -100020220210220 (base 3) to base 14.
-9209a2
Convert -2176112 (base 10) to base 7.
-24332231
-363433 (base 10) to base 5
-43112213
Convert 671444 (base 8) to base 9.
374114
Convert 63224 (base 10) to base 11.
43557
What is 368b8 (base 14) in base 8?
404502
Convert 87fe7d (base 16) to base 13.
1b00898
22343 (base 16) to base 10
140099
What is 79b0d (base 14) in base 2?
1001000001101100001
-1357317 (base 8) to base 6
-12125035
20a9c1 (base 14) to base 10
1105021
-1511240 (base 6) to base 14
-23a88
730310 (base 10) to base 3
1101002210112
Convert -10122230 (base 4) to base 12.
-a578
Convert -13003220123 (base 4) to base 13.
-4ca009
-1983150 (base 12) to base 9
-11134846
What is 101311320 (base 4) in base 5?
4314310
-588352 (base 12) to base 16
-15bbee
111441030 (base 5) to base 2
1111001111100111011
119b84 (base 12) to base 3
112120102101
What is dd63a (base 14) in base 16?
82ef4
What is 1186151 (base 12) in base 8?
15006515
What is -1971016 (base 11) in base 12?
-1144133
What is 3032331133 (base 4) in base 13?
238b07
Convert 10100011111101010 (base 2) to base 13.
2c295
What is 21110200020100 (base 3) in base 8?
17111050
What is bb990 (base 12) in base 15?
4d973
50521200 (base 7) to base 6
230100453
112302213 (base 4) to base 6
2000103
What is 8304041 (base 10) in base 12?
29456b5
What is 1450514301 (base 6) in base 8?
105443075
What is -11344026 (base 8) in base 11?
-1441329
What is -30301031 (base 4) in base 16?
-cc4d
-134002424 (base 5) to base 4
-2213323320
Convert 38bc3 (base 14) to base 12.
688b3
Convert 56668a (base 12) to base 4.
11100321022
Convert 75538 (base 11) to base 12.
53650
Convert -1204344042 (base 5) to base 11.
-1649714
What is 5406630 (base 7) in base 6?
22033330
Convert -27673177 (base 8) to base 11.
-3593465
Convert ccc08 (base 13) to base 8.
1324674
Convert -1165742 (base 8) to base 5.
-40310110
Convert -695206 (base 10) to base 3.
-1022022122101
Convert -61497 (base 11) to base 16.
-15ea7
What is 45013105 (base 6) in base 2?
101001010110100000001
What is 1246001 (base 7) in base 16?
27c6e
-24331232 (base 5) to base 16
-38330
Convert 102031311012 (base 4) to base 8.
22156506
Convert -850467 (base 16) to base 5.
-4212424130
-32bb30 (base 12) to base 8
-3053224
120bc (base 13) to base 10
33110
-11a506 (base 12) to base 9
-477426
Convert 1776233 (base 9) to base 7.
11313453
Convert 568bd (base 15) to base 6.
5522441
What is -15236003 (base 7) in base 8?
-5431112
What is 212af (base 16) in base 9?
226320
What is 43402221 (base 6) in base 4?
10323101011
10111102111 (base 3) to base 8
206344
-2012032 (base 4) to base 6
-103434
Convert -213530131 (base 6) to base 4.
-32211012013
242129 (base 10) to base 8
730721
What is 7c87 (base 13) in base 12?
a17a
Convert -11a91a (base 13) to base 2.
-1100111010111001000
Convert -323cb8 (base 13) to base 3.
-2012221100020
What is 7a1ab8 (base 12) in base 3?
10200012022112
-3037d7 (base 15) to base 7
-25315315
5610462 (base 7) to base 16
a8e10
What is -113213230 (base 4) in base 11?
-66763
124342133 (base 6) to base 2
1001010111011001001001
-252466 (base 9) to base 15
-303d0
7bb567 (base 15) to base 16
5a313f
-94062 (base 10) to base 13
-33a77
48c48 (base 16) to base 12
1245a0
Convert -d2166b (base 15) to base 6.
-553510115
Convert 50a5d (base 15) to base 13.
8c380
What is 11001010111100011111001 (base 2) in base 8?
31274371
Convert -212014012 (base 5) to base 10.
-891757
-142255343 (base 6) to base 7
-33533136
Convert 110100011000000011 (base 2) to base 14.
58279
Convert 443c00 (base 15) to base 10.
3252825
-332331031 (base 4) to base 7
-2122543
Convert -927022 (base 12) to base 2.
-1000101111110101011010
What is 1889100 (base 11) in base 12?
1099725
-280a02 (base 12) to base 5
-132234434
What is 110222 (base 10) in base 12?
53952
What is 5650360 (base 8) in base 6?
52430144
-10621555 (base 7) to base 14
-1a2bd5
What is -113133330001 (base 4) in base 14?
-b64d33
What is -1218625 (base 10) in base 13?
-3388a5
3102453 (base 6) to base 14
3c0c9
-209b04 (base 13) to base 14
-15c714
-3526468 (base 9) to base 12
-77ba22
Convert 221210122001001 (base 3) to base 11.
7815963
What is 37441 (base 10) in base 8?
111101
Convert -24330416 (base 7) to base 15.
-2ce8e5
b7ab9 (base 14) to base 2
1101100011000000011
Convert -80c6a (base 14) to base 7.
-2430063
Convert -9936c5 (base 14) to base 11.
-2a29701
What is -521a717 (base 11) in base 8?
-43101623
What is 63ba3 (base 12) in base 6?
2451523
Convert -5c07b5 (base 15) to base 13.
-bb3694
Convert -51725a (base 12) to base 10.
-1277350
c77210 (base 13) to base 10
4671173
-235213 (base 7) to base 3
-2011111021
-2107156 (base 8) to base 2
-10001000111001101110
What is -2bc6 (base 14) in base 13?
-3735
What is 5714 (base 15) in base 3?
221100001
11020332 (base 5) to base 4
113031310
214300101 (base 5) to base 16
e35cc
Convert -4a9ab (base 16) to base 3.
-120112011202
What is 1201111011210 (base 3) in base 5?
213240044
What is 222110011212 (base 3) in base 11?
326187
-1110000001011100110 (base 2) to base 3
-212100022022
-32013242 (base 5) to base 4
-1001013021
Convert -89562 (base 10) to base 3.
-11112212010
Convert 102011002012 (base 3) to base 6.
4412052
-1111001101100111111 (base 2) to base 7
-4144224
Convert 11718 (base 12) to base 5.
1222432
What is 446a84 (base 13) in base 3?
10001000112110
Convert 1b75d8 (base 16) to base 11.
101a107
Convert -301527 (base 10) to base 9.
-508550
-2310307 (base 8) to base 11
-398a98
-241201241 (base 5) to base 11
-6a2373
Convert -101000000010000010101 (base 2) to base 12.
-533159
What is 1521609 (base 10) in base 8?
5633711
What is -562658 (base 10) in base 4?
-2021113202
-10001010010111010 (base 2) to base 9
-117153
What is 398e4 (base 16) in base 7?
2001212
What is -56a61 (base 11) in base 2?
-10100001000100100
What is -28523 (base 11) in base 12?
-1b580
44421343 (base 5) to base 8
1367555
Convert -1625417 (base 10) to base 16.
-18cd49
What is 821782 (base 11) in base 12?
537a46
What is 45882 (base 14) in base 3?
22120220201
What is 10011222002 (base 3) in base 7?
350465
What is -2430334 (base 6) in base 11?
-88549
What is -34cb6 (base 16) in base 10?
-216246
What is 600025 (base 7) in base 15?
1ed41
Convert 79375 (base 10) to base 11.
546aa
2e0a85 (base 15) to base 11
129337a
What is -6a6cea (base 16) in base 14?
-cd7b2a
What is -110000010001010001000 (base 2) in base 3?
-2222100200122
Convert -920105 (base 11) to base 4.
-11221003103
Convert -42a9b6 (base 12) to base 16.
-101b1a
What is -50184 (base 14) in base 12?
-93408
